(base 7) in base 8?
275
What is 120220 (base 4) in base 3?
2011101
623 (base 8) to base 10
403
Convert -11111111110101 (base 2) to base 5.
-1010443
Convert 21022 (base 4) to base 11.
493
What is -2211100 (base 3) in base 13?
-c27
What is -21020 (base 6) in base 3?
-10212110
What is -6d0e (base 16) in base 3?
-1102022000
-2351 (base 6) to base 11
-47a
417 (base 11) to base 8
766
What is 154 (base 8) in base 12?
90
What is c70 (base 15) in base 13?
137a
What is -4726a (base 11) in base 16?
-10a67
Convert -2132241 (base 5) to base 12.
-191b7
2203 (base 11) to base 12
1823
-28077 (base 10) to base 6
-333553
Convert -241300 (base 5) to base 6.
-105234
What is -229 (base 13) in base 4?
-11311
-2114030 (base 5) to base 6
-432231
664 (base 10) to base 5
10124
-113205 (base 7) to base 8
-47564
Convert 239 (base 15) to base 2.
111111000
What is 10322 (base 4) in base 2?
100111010
What is -10113321 (base 4) in base 16?
-45f9
What is -1594 (base 16) in base 6?
-41324
548 (base 11) to base 14
34d
Convert -35a (base 14) to base 15.
-2e8
What is -2050 (base 6) in base 16?
-1ce
Convert -1151 (base 7) to base 13.
-26c
Convert 8fc (base 16) to base 9.
3135
Convert 2101 (base 7) to base 14.
3a8
What is 2273 (base 8) in base 16?
4bb
Convert -150ad (base 14) to base 4.
-30301001
Convert -12121 (base 5) to base 13.
-551
-10011101 (base 2) to base 10
-157
1010110111110 (base 2) to base 7
22141
What is -338 (base 9) in base 15?
-138
-10001111001110 (base 2) to base 14
-34aa
What is -42136 (base 7) in base 6?
-115554
5399 (base 10) to base 9
7358
516 (base 12) to base 7
2103
What is -f0 (base 16) in base 8?
-360
What is 44357 (base 8) in base 5?
1044141
-427 (base 9) to base 4
-11131
Convert 441136 (base 7) to base 9.
126864
What is -210121120 (base 3) in base 11?
-10924
-10000 (base 5) to base 14
-329
What is -304120 (base 5) in base 8?
-23266
What is 1153d (base 15) in base 2?
1101011110001111
What is 6c8 (base 13) in base 2?
10010011010
1010 (base 4) to base 10
68
What is -454 (base 8) in base 16?
-12c
-c2e6 (base 15) to base 16
-a0ce
What is -1ab (base 16) in base 15?
-1d7
What is -501442 (base 6) in base 15?
-b97b
4a81 (base 13) to base 8
24527
-27543 (base 11) to base 2
-1001100101010011
-35b0 (base 13) to base 12
-4477
-3344 (base 5) to base 12
-336
Convert 21421 (base 5) to base 10.
1486
Convert -1031202 (base 4) to base 3.
-20210210
Convert -3404111 (base 5) to base 4.
-32220002
Convert -cb (base 13) to base 14.
-bd
Convert -134552 (base 6) to base 5.
-401430
What is 3723 (base 13) in base 2?
1111001111011
Convert -3917 (base 11) to base 13.
-2424
What is -11110010100 (base 2) in base 4?
-132110
Convert 119 (base 16) to base 4.
10121
363f (base 16) to base 11
a485
What is 31444 (base 5) in base 10?
2124
33 (base 5) to base 7
24
What is -b43 (base 13) in base 14?
-9aa
-1509 (base 10) to base 7
-4254
What is -3314 (base 6) in base 14?
-3ca
-12f6 (base 16) to base 9
-6583
What is -13b (base 12) in base 14?
-d9
Convert -4c4 (base 13) to base 15.
-3ab
What is -428 (base 15) in base 8?
-1652
-415014 (base 6) to base 14
-c2c2
What is 120010 (base 3) in base 15?
1c3
1b153 (base 13) to base 15
10a60
243064 (base 7) to base 2
1010110100000101
-1135 (base 9) to base 11
-6a6
Convert 4102 (base 8) to base 12.
1282
Convert -4242 (base 7) to base 5.
-22000
-8731 (base 12) to base 7
-61231
Convert -1819a (base 12) to base 16.
-8806
What is 1233 (base 4) in base 16?
6f
Convert 72525 (base 10) to base 9.
120433
What is 31547 (base 10) in base 8?
75473
What is -300053 (base 6) in base 2?
-101101101000001
-39a (base 11) to base 14
-25a
Convert -103bd (base 15) to base 8.
-144426
Convert -42108 (base 10) to base 4.
-22101330
Convert -20205 (base 6) to base 12.
-1665
What is 103333 (base 4) in base 2?
10011111111
What is -24420 (base 6) in base 15?
-110c
Convert -100100010011110 (base 2) to base 16.
-489e
What is 200323 (base 4) in base 14?
aa7
What is -455 (base 9) in base 3?
-111212
What is -143703 (base 8) in base 11?
-35470
What is -3412 (base 5) in base 8?
-742
What is -1001000000110001 (base 2) in base 15?
-ae0d
309 (base 10) to base 13
1aa
Convert -1628 (base 13) to base 10.
-3245
What is -c691 (base 16) in base 10?
-50833
-432 (base 15) to base 4
-32303
Convert -11022320 (base 4) to base 10.
-21176
What is -6981 (base 14) in base 11?
-12864
-7078 (base 11) to base 8
-22272
Convert da8 (base 14) to base 3.
10200212
Convert 2bb (base 15) to base 10.
626
What is 1213 (base 10) in base 6?
5341
Convert 10044 (base 8) to base 14.
1712
d8 (base 16) to base 14
116
Convert 4224 (base 12) to base 9.
10821
What is -1463 (base 9) in base 6?
-5050
1011100011 (base 2) to base 3
1000101
What is 11203 (base 4) in base 2?
101100011
Convert -12201102 (base 3) to base 14.
-173b
771 (base 9) to base 11
524
-10022 (base 4) to base 3
-100212
Convert -1237 (base 8) to base 2.
-1010011111
What is -12435 (base 6) in base 12?
-111b
Convert 3cd (base 16) to base 10.
973
What is 223 (base 13) in base 2?
101101111
What is 2747 (base 10) in base 5?
41442
What is -41857 (base 9) in base 6?
-332041
What is -580 (base 11) in base 12?
-499
Convert -2234 (base 5) to base 15.
-164
What is -103233 (base 4) in base 9?
-1653
112201112 (base 3) to base 5
320413
99a2 (base 16) to base 3
1222221200
Convert -4513 (base 9) to base 2.
-110100000101
-1c64 (base 14) to base 6
-40000
-477 (base 12) to base 15
-2e7
Convert -7530 (base 11) to base 9.
-14581
Convert 13201300 (base 4) to base 16.
7870
What is 1124 (base 7) in base 4?
12122
12c (base 13) to base 15
dc
Convert 198 (base 14) to base 2.
101001010
What is -285 (base 12) in base 11?
-324
What is 665 (base 8) in base 4?
12311
What is c16 (base 14) in base 15?
a82
2831 (base 9) to base 7
6136
-227 (base 10) to base 5
-1402
2301222 (base 5) to base 12
1b750
-1103 (base 5) to base 8
-231
-11110010111001 (base 2) to base 10
-15545
Convert 1111001011110 (base 2) to base 13.
3700
-130441 (base 5) to base 15
-17b6
68 (base 16) to base 15
6e
-2221010 (base 3) to base 5
-32021
-220201 (base 3) to base 12
-477
-2012101 (base 3) to base 9
-2171
What is -777 (base 9) in base 7?
-1600
Convert -11243 (base 7) to base 3.
-10221102
323235 (base 6) to base 11
1903a
What is -2002 (base 4) in base 2?
-10000010
What is -1430223 (base 5) in base 16?
-756f
-a8 (base 14) to base 9
-174
Convert -1450135 (base 6) to base 2.
-10100100101001011
What is 4231 (base 5) in base 11?
475
What is 25 (base 9) in base 13?
1a
-220230 (base 4) to base 14
-d40
-1011111110011 (base 2) to base 7
-23606
What is -1001 (base 4) in base 13?
-50
3114 (base 5) to base 8
631
What is -aa1c (base 13) in base 10?
-23685
-421 (base 8) to base 14
-157
Convert -1100010001 (base 2) to base 3.
-1002002
-585 (base 11) to base 5
-10243
What is 2046 (base 12) in base 10?
3510
Convert 4b2c (base 14) to base 9.
20055
What is 4a3 (base 14) in base 8?
1637
Convert 2020 (base 5) to base 10.
260
-d04b (base 16) to base 13
-1b36a
What is -4d44 (base 16) in base 8?
-46504
114533 (base 6) to base 5
311022
What is 12401 (base 11) in base 9?
26354
-597 (base 14) to base 10
-1113
Convert 10110001010011 (base 2) to base 10.
11347
Convert -68b (base 15) to base 2.
-10111001001
Convert -1100011111 (base 2) to base 16.
-31f
What is 113022 (base 4) in base 16?
5ca
What is 10311 (base 4) in base 6?
1233
2442 (base 6) to base 8
1132
Convert 272 (base 9) to base 3.
22102
-7675 (base 8) to base 5
-112104
Convert -23221 (base 4) to base 8.
-1351
Convert -3959 (base 12) to base 7.
-25044
What is -2167 (base 9) in base 3?
-2012021
Convert -4264 (base 11) to base 3.
-21201202
Convert 7173 (base 11) to base 2.
10010100101110
What is 1d08 (base 14) in base 3?
21021022
What is -98a8 (base 12) in base 8?
-40700
What is 14750 (base 14) in base 10?
50834
Convert -140000 (base 5) to base 11.
-4254
What is 122022 (base 3) in base 9?
568
-14133 (base 6) to base 8
-4251
What is 114 (base 13) in base 5?
1221
What is -1011010101010010 (base 2) in base 16?
-b552
78411 (base 9) to base 5
3131333
What is -6c7 (base 13) in base 6?
-5241
8623 (base 12) to base 11
10068
What is 4b5 (base 16) in base 11?
9a6
Convert 24405 (base 6) to base 2.
111000010101
Convert 42546 (base 7) to base 16.
2949
Convert -51db (base 14) to base 15.
-42a9
Convert 1232 (base 4) to 